lse
Is 623100683 a composite number?
True
Is 383116564519 composite?
True
Is 14353723011 prime?
False
Is 44373335843 composite?
True
Is 806227493 a composite number?
False
Is 261112199197 a composite number?
True
Is 556511029 a composite number?
False
Is 18467059271 a prime number?
False
Is 233148479 a composite number?
False
Is 606231869 prime?
False
Is 2731545083 composite?
True
Is 1215661637 a prime number?
False
Is 1494765589 prime?
False
Is 444513871 a composite number?
True
Is 1449491641 a prime number?
False
Is 1365530237 prime?
False
Is 12106559711 a prime number?
True
Is 11333222569 a composite number?
True
Is 661061663 a prime number?
True
Is 15967697007 a composite number?
True
Is 97664599831 a composite number?
True
Is 839961667 a composite number?
False
Is 3182374535 prime?
False
Is 2772710327 a prime number?
True
Is 12298645547 a prime number?
False
Is 1659959261 composite?
False
Is 53679853 a composite number?
False
Is 1211244467 a prime number?
True
Is 6376262 a composite number?
True
Is 47798105813 composite?
False
Is 23303425721 a composite number?
False
Is 650804615 a composite number?
True
Is 1742004427 composite?
False
Is 1983430633 a composite number?
False
Is 2195341793 composite?
False
Is 229265047 prime?
False
Is 2640953041 composite?
True
Is 4282171799 a prime number?
True
Is 731203091 a prime number?
True
Is 7767650993 composite?
False
Is 3375370261 composite?
True
Is 463271693 a prime number?
True
Is 25721034019 prime?
True
Is 2389383121 composite?
True
Is 1924836071 a composite number?
False
Is 695769403 prime?
False
Is 2563941851 composite?
True
Is 61055201 a prime number?
True
Is 40173889 a prime number?
False
Is 298689007 a composite number?
False
Is 73294768342 prime?
False
Is 7712535583 a prime number?
False
Is 62815791667 composite?
True
Is 919868749 a prime number?
True
Is 405558247 a composite number?
True
Is 5743157237 a prime number?
True
Is 310938094043 a composite number?
False
Is 19490881853 prime?
False
Is 383373797 a composite number?
False
Is 1964737853 a composite number?
True
Is 144894765571 a prime number?
True
Is 62984921 composite?
False
Is 58870031019 a composite number?
True
Is 2284267933 prime?
True
Is 2963205601 a composite number?
True
Is 5462187043 a prime number?
False
Is 3745639123 prime?
False
Is 51842930663 prime?
True
Is 1324014233 prime?
False
Is 296856247 prime?
False
Is 25052723909 prime?
False
Is 17407042061 composite?
False
Is 149788663 a prime number?
True
Is 2025915197 a composite number?
True
Is 57373090309 a prime number?
True
Is 69863325247 composite?
False
Is 1075402847 a composite number?
True
Is 72638804389 composite?
False
Is 2255397301 a composite number?
False
Is 58370474111 a prime number?
True
Is 4424295053 prime?
False
Is 2831735561 prime?
False
Is 4154066537 prime?
False
Is 88898035717 composite?
True
Is 1751533369 a prime number?
True
Is 274250983 a composite number?
True
Is 27827593 composite?
True
Is 2984995369 composite?
False
Is 17640691009 a prime number?
False
Is 5537172257 composite?
False
Is 711004901 composite?
False
Is 35489844581 a composite number?
True
Is 1357985179 prime?
True
Is 16054102529 a prime number?
True
Is 12462824991 prime?
False
Is 3173869463 a composite number?
False
Is 54469385294 prime?
False
Is 482648839 prime?
False
Is 1353042001 composite?
False
Is 4144254227 composite?
True
Is 4297150393 prime?
False
Is 19735669909 a composite number?
True
Is 40605296549 prime?
False
Is 90327107 prime?
False
Is 18634902589 a prime number?
False
Is 248618311 a prime number?
True
Is 269125799 prime?
True
Is 75113456791 prime?
True
Is 70633141 a prime number?
True
Is 19420054469 composite?
True
Is 217855591 composite?
True
Is 21394190497 a composite number?
False
Is 1849607419 prime?
False
Is 1165489693 composite?
False
Is 509703413 a composite number?
True
Is 298557598 composite?
True
Is 5088891727 a composite number?
False
Is 67922122733 prime?
False
Is 5503421059 composite?
False
Is 2991778501 a composite number?
True
Is 346495813 a composite number?
True
Is 98360833 prime?
False
Is 33028067 a prime number?
True
Is 6284669 composite?
False
Is 815083007 prime?
False
Is 30017747 a prime number?
True
Is 25704286949 prime?
False
Is 83531556607 prime?
False
Is 4458393221 a prime number?
True
Is 52063189 composite?
False
Is 3671152409 a composite number?
False
Is 17935083931 a prime number?
False
Is 33369137827 prime?
True
Is 6319951643 composite?
True
Is 422914757 prime?
False
Is 1703044855 prime?
False
Is 53001079 composite?
True
Is 869826461 prime?
False
Is 103232165189 a composite number?
True
Is 420513047 a prime number?
False
Is 666676019 a prime number?
False
Is 60251965201 prime?
True
Is 185544840049 prime?
True
Is 4222492187 prime?
True
Is 7199882399 composite?
True
Is 17558063431 a prime number?
False
Is 40964363 a composite number?
True
Is 16193101623 prime?
False
Is 626492819 prime?
False
Is 1308921769 composite?
True
Is 9930421937 composite?
False
Is 65181248827 prime?
True
Is 18122872731 prime?
False
Is 86685233 prime?
True
Is 182291289563 a prime number?
False
Is 443975293 a prime number?
True
Is 2689227133 prime?
False
Is 72170611 prime?
False
Is 19002542011 composite?
True
Is 7241578397 prime?
True
Is 26671092067 a prime number?
False
Is 1683062497 prime?
False
Is 4905557401 a composite number?
False
Is 2109736931 composite?
True
Is 2916916033 a composite number?
False
Is 23140266199 a prime number?
False
Is 8804258423 composite?
True
Is 2226009239 prime?
False
Is 46368293 a prime number?
True
Is 8835631751 composite?
False
Is 458942371 prime?
False
Is 31038496061 a prime number?
False
Is 41037608969 a composite number?
True
Is 2805692687 a prime number?
False
Is 1654799569 composite?
False
Is 357881729 a prime number?
True
Is 10899919 a prime number?
False
Is 1919757107 composite?
True
Is 2222350927 prime?
True
Is 9553164377 a composite number?
False
Is 127804202549 composite?
False
Is 36657161971 composite?
False
Is 622923713 composite?
True
Is 280203163 a prime number?
False
Is 12336098239 prime?
False
Is 1226110423 composite?
True
Is 24039935861 a prime number?
True
Is 2901728941 a prime number?
False
Is 98702349967 a composite number?
True
Is 2360224871 a composite number?
True
Is 65683569209 composite?
True
Is 259386276251 a prime number?
True
Is 13129264807 composite?
False
Is 42152837 prime?
False
Is 5080305241 a prime number?
False
Is 1255721 a prime number?
True
Is 1959147761 a prime number?
True
Is 667498003 prime?
True
Is 30901571 composite?
True
Is 2699443319 a composite number?
False
Is 13752112313 a composite number?
False
Is 36240307769 prime?
False
Is 732584173 a composite number?
False
Is 16894872659 a composite number?
True
Is 286341961579 prime?
False
Is 19354823 a prime number?
False
Is 34813090757 prime?
False
Is 243962599 composite?
False
Is 53638002139 a composite number?
True
Is 1508530337 a composite number?
True
Is 75535241153 prime?
False
Is 7453431527 a prime number?
True
Is 704819057 a prime number?
False
Is 150850501 a prime number?
False
Is 43633648231 composite?
True
Is 45919202437 composite?
False
Is 168988696079 prime?
False
Is 2787692209 prime?
True
Is 1306250639 prime?
False
Is 273943696514 a composite number?
True
Is 9495836461 a composite number?
True
Is 14509741889 a prime number?
False
Is 76238126527 composite?
False
Is 127816775189 a composite number?
True
Is 10010565079 a composite number?
False
Is 5208427051 prime?
True
Is 26197895159 prime?
True
Is 32705296363 a composite number?
True
Is 6979522543 a prime number?
False
Is 3223473181 composite?
False
Is 9590179397 composite?
False
Is 4723614689 composite?
True
Is 680530231 a composite number?
False
Is 2591921401 composite?
False
Is 98882767 composite?
False
Is 22298531449 a prime number?
False
Is 56763281437 composite?
True
Is 220178071 prime?
False
Is 2453240107 composite?
False
Is 25381687 a composite number?
True
Is 316970473 prime?
True
Is 45843089 prime?
True
Is 857923567 composite?
True
Is 19919621131 a prime number?
True
Is 2692209409 a prime number?
False
Is 4896376717 prime?
True
Is 6198168677 a prime number?
False
Is 8369171203 a composite number?
True
Is 3390985369 a composite number?
False
Is 2214022819 a composite number?
Fal